git of q?
7
Suppose 7*x - 8*x = -4*p + 9, -x = -2*p + 1. Suppose -x*w = 5*t - 2*w - 1990, -5 = 5*w. What is the hundreds digit of t?
3
What is the tens digit of (-1738737)/(-66)*(-20)/(-15)?
2
Let v be 1*3/6*1*34. Let s = 17 - v. Suppose 4*a + a + y - 544 = s, -a + 4*y = -92. What is the tens digit of a?
0
Let q = 17130 - -4531. What is the tens digit of q?
6
Let t = -248 + 250. What is the tens digit of ((-30)/(-12) - t)*(-188)/(-1)?
9
Let u = 20937 - 14237. What is the thousands digit of u?
6
Suppose 23*x - 234959 = 17673. What is the hundreds digit of x?
9
Let n(h) = -326*h + 2176. What is the thousands digit of n(-50)?
8
Suppose -34916 = -4*h - 2*g, 705*h = 703*h + 3*g + 17442. What is the units digit of h?
7
What is the units digit of ((-803)/(-5) + -1)/(((-6)/140)/(-1))?
4
Suppose 4*w - 47*l - 20284 = -42*l, l - 15232 = -3*w. What is the tens digit of w?
7
Suppose m + 3*p = 852, -26*m = -31*m + p + 4324. What is the hundreds digit of m?
8
What is the units digit of (6 - (-63)/(-12))*-4 - -8468?
5
Suppose -5*r - 11*h - 15 = -14*h, r - 9 = 3*h. Let a = -6 + 12. What is the units digit of 3 + 646/a - r/(-9)?
0
Let g be 21/5 - 1 - 7/35. Suppose -g*o - 359 = -5*o - 5*i, -3*o + 573 = -4*i. Suppose o = 3*l + 8*l. What is the units digit of l?
7
Let x(u) = u**3 - 75*u**2 - 57*u + 676. What is the thousands digit of x(76)?
2
Let z(r) = 16*r**2 - 61*r + 10. Let b(h) = -13*h**2 + 62*h - 10. Let g(q) = -6*b(q) - 5*z(q). What is the units digit of g(-32)?
6
Let o(j) = -576*j + 38. Let s(i) = 288*i - 18. Let d(z) = 4*o(z) + 9*s(z). What is the tens digit of d(1)?
7
Let d = -13229 - -21903. What is the hundreds digit of d?
6
What is the hundreds digit of -54*(87/12 - -3)*72/(-54)?
7
What is the hundreds digit of (186 - 7)*1096/(-10)*(-5)/2?
0
What is the thousands digit of -5*56/20 - -3114?
3
Let t(w) = 4*w + 78. Let q be t(11). Suppose -3*s + r - 47 = 8, 0 = 4*r + 8. Let g = q - s. What is the tens digit of g?
4
Let t(z) = 6794*z + 12. Let p be t(2). Suppose 8*r + p = 28*r. What is the hundreds digit of r?
6
Suppose -4*d + f = -747, -4*d - 3*f + 0*f = -751. Let t = 1 + d. Let q = 358 - t. What is the tens digit of q?
7
Suppose 1283375 - 104043 = 28*g. What is the ten thousands digit of g?
4
Let r(q) = 7*q**2 + q + 7. Let f(g) = -g**2. Let b(k) = -k**2 - 5*k. Let p be b(-4). Let v(x) = p*f(x) + r(x). What is the units digit of v(-2)?
7
Suppose 4*m = -5*s + m + 20, -16 = -4*s - 5*m. Suppose -42 - 22 = s*x. What is the hundreds digit of ((-51)/2)/((-1)/x*-4)?
1
Let s = 33 + -33. Suppose s = 4*x + 3*n - 4029, -5*x + n = 4*n - 5034. Suppose 5*m - 2*g - 975 = 0, -m - 4*m + x = 4*g. What is the tens digit of m?
9
Suppose 2256 - 1792 = -11*k + 36170. What is the thousands digit of k?
3
Let h = 7737 - 2850. What is the tens digit of h?
8
Suppose -3*h = 5*p - 13228, -8*p + 4*p + 10580 = 3*h. Suppose 4*j = 5*n + 9203, -2*j + p = -4*n - 1946. Suppose j - 822 = 11*q. What is the hundreds digit of q?
1
Let o be 6 - 11 - (-1 - 6). Suppose o*y = -2*y, 5*x + y = 10. Suppose z + 630 = 4*l + 2*z, 0 = l - x*z - 162. What is the hundreds digit of l?
1
Suppose -40 = -24*r + 32*r. Let d(f) = f + 119. What is the tens digit of d(r)?
1
Suppose 33933 - 8382 = 3*l. Suppose 653 = 10*j - l. What is the units digit of j?
7
Let j = 9383 - 6563. Suppose -128*i + j = -124*i. What is the units digit of i?
5
Let h(y) = -7532*y - 2461. What is the hundreds digit of h(-10)?
8
Let h be (14/(-1))/((-1)/52*1). Suppose -2*o + 9*o - h = 0. Suppose -109*v = -o*v - 65. What is the tens digit of v?
1
Suppose 4*k - 29 + 1 = 3*s, -4*k + 24 = -4*s. Let h(z) = 120*z**2 + 2*z + 14 + k*z - 116*z**2. What is the units digit of h(-8)?
4
Suppose 0 = -2*u - 15 + 5. Let o be u/(0 + (-5)/5). Suppose -2*q + 90 = 5*t, 0*t = 3*q + o*t - 135. What is the units digit of q?
5
Let p(k) = -k**2 - 30*k - 37. Let y = 363 - 382. What is the tens digit of p(y)?
7
Suppose 9*l - 13 + 4 = 0. What is the units digit of (-6)/l*(264/(-18) + -6)?
4
Let x(l) = l + 25. Let n be x(8). Suppose 5*t - 4 = -2*v, -t = t - 3*v - 13. Suppose -2*h + 6*k - t = 3*k, -2*k = 5*h - n. What is the units digit of h?
5
What is the hundreds digit of (825/(-6))/11*(-19 - 369)?
8
Let w be ((-5 - -5)/6)/(0 - 2). Suppose 0 = -2*y - 3*a + 1095 + 16, w = -5*y - 4*a + 2795. What is the hundreds digit of y?
5
Let z(w) = w**2 - 10*w + 13. Let x be z(5). Let g(d) = -2*d + 55. What is the units digit of g(x)?
9
Suppose 2*j = j - 2. Let l(n) = -79*n + 4. Let c be l(j). Suppose -2*p + c = -4*w, -393 = -5*p - w + 5*w. What is the tens digit of p?
7
Let u be (3 + -7)/(-1) - 3. Let f be ((-4)/8)/(u/(-10)). Suppose 349 = f*g - 61. What is the tens digit of g?
8
Let p be (-6)/9 - (-28)/(-3). Let r be 1/((-15)/p - 1). Suppose t = r*c + 77, -3*c - 10 = 2*c. What is the tens digit of t?
7
Let p(b) = 13*b**2 + 332*b - 252. What is the hundreds digit of p(-38)?
9
Let q(n) = n**3 + 8*n**2 + 2*n + 101. Let m be q(-9). What is the hundreds digit of 97 - -4 - (m + -8)*1?
1
Let i be (11 - -5593) + -5 + 5. Suppose -5*o + i = -1036. What is the units digit of o?
8
Suppose -585 + 109 = 7*s. Let r = -64 - s. What is the tens digit of (r/(-30) - 238/(-35))*18?
2
Let j be 0 + (-2)/(-4)*(6 + 0). Suppose 0 = -2*a + f + 4, -3*a + 4 + j = -f. What is the tens digit of (a - 51/15)*5 - -30?
2
Suppose 4*i = 9*i - 50. Suppose 3*v = -5 - i, -3*x + 260 = -v. Suppose x = m + 3*s, -3*m = 2*m + 2*s - 425. What is the units digit of m?
5
Suppose 1009 = -n - 1144. Let c = 3417 + n. What is the hundreds digit of c?
2
Let x be 2716/14 + (-3 + -3)/3. Let y = 386 - x. What is the tens digit of y?
9
Let t(r) = r**2 + 9*r - 14. Let z be t(2). Suppose -z*m - 98 = -1058. What is the hundreds digit of m?
1
Let o(m) = 37 - 12*m - m**3 + 0*m**3 - 32*m**2 + 20. What is the tens digit of o(-32)?
4
Suppose 2*d + 11 = x + 6, d + 19 = -5*x. Let b(r) = -r - 5. Let p be b(x). What is the units digit of 1905/10 - p/4?
1
What is the tens digit of ((-56)/5)/((-48)/35520)?
8
Let g(a) = -a**3 - 4*a**2 + 10. Let b be (-1)/2*(-2 - -2). Let t be g(b). Suppose 0 = 2*d + t*d - 756. What is the units digit of d?
3
Suppose c + 2*c = -3*a + 306, -3*a = -3*c + 288. Suppose -j + 4*k + 64 = -43, 0 = j + 4*k - c. What is the tens digit of j?
0
Suppose 300 = -8*m + 3*m. Let i = m + 243. What is the units digit of i?
3
Suppose 3*o = -3*m + 12, 3*m - 2*m = o - 2. Suppose 4*p + 2*y + 16 = 0, -o + 1 = p + y. What is the tens digit of ((-18)/p - 9/2)*-10?
1
Let z be 0 + (0 + 5 - 1). Suppose z*p - v = 1220, -3*p = -2*v - v - 924. What is the tens digit of p?
0
Suppose -x = -116 + 30. Suppose 0 = -5*b + 25, 53 - 115 = -4*y - 2*b. Let d = x - y. What is the units digit of d?
3
Suppose 2*h = -2*y + 9810, 12 = 10*y - 6*y. What is the thousands digit of h?
4
Let p(h) = 4*h**3 + 4*h**2 + 2*h - 5. Let a be p(3). Let x be (-1)/(4 + a/(-35)). Suppose 105 = -x*g + 448. What is the tens digit of g?
4
Suppose 0 = 87*w - 84*w + 36. Let d be (0 - 99)*44/w. Suppose 4*m = 5*g + d, -m - 4*g - 174 = -3*m. What is the tens digit of m?
9
Suppose -310*n - 640 = -314*n. Suppose -842*w + n = -837*w. What is the tens digit of w?
3
Let n be 15*46/6 - 3. Let j(h) = -n*h + 60*h + 57*h + 142. What is the hundreds digit of j(0)?
1
Let n(h) = h**3 - 21*h**2 - h - 64. Let u be n(22). Let q = 1215 - u. What is the hundreds digit of q?
8
Suppose 0 = 6*z - 17 - 13. Suppose 6834 = -z*s + 39*s. What is the units digit of s?
1
Suppose 3*u - 3*g + 2880 = 0, -4*g - 15 = -g. Let p = 87 - u. What is the tens digit of p?
5
Let t(k) = 80*k + 64. Let y be t(10). Let q = -325 + y. What is the units digit of q?
9
Let g(j) = 31*j + 984. What is the tens digit of g(28)?
5
Suppose 5*n = 3*n - y + 8, 5*n + 4*y - 17 = 0. Suppose 3*m - 10 = -m + p, -5*p = -5*m + n. Suppose -m*r - 48 = -7*r. What is the units digit of r?
2
Suppose 6836 = 5*k + 3*y, 0*k + 3*y = 3*k - 4116. Let z = k + -923. What is the hundreds digit of z?
4
Suppose 0 = 2*c, -c = -3*v - 3*c + 20820. What is the tens digit of v?
4
Suppose 483*l + 20832 = 491*l. Let q = -1797 + l. What is the units digit of q?
7
Suppose -1733*n = -5*c - 1736*n + 200941, -4*n + 28 = 0. What is the thousands digit of c?
0
Suppose -12 = 4*b, 4*b = -5*l - 13 - 4. What is the units digit of (l + 0)*4 - -906?
2
Suppose -u = 5*z, 3*z = z + u